emainder when 12983 is divided by 5953?
1077
What is the remainder when 50322056 is divided by 60?
56
Calculate the remainder when 655200 is divided by 357.
105
What is the remainder when 426951 is divided by 1227?
1182
Calculate the remainder when 21475 is divided by 404.
63
What is the remainder when 110693 is divided by 1004?
253
Calculate the remainder when 624536 is divided by 3808.
24
What is the remainder when 3371271 is divided by 18125?
21
Calculate the remainder when 104435020 is divided by 212.
4
Calculate the remainder when 31132795 is divided by 4445.
15
What is the remainder when 5218025 is divided by 59?
6
Calculate the remainder when 19004959 is divided by 2714991.
22
What is the remainder when 10692960 is divided by 41?
37
What is the remainder when 16980 is divided by 6603?
3774
What is the remainder when 3823430 is divided by 41?
16
Calculate the remainder when 49546 is divided by 200.
146
Calculate the remainder when 72340 is divided by 36060.
220
Calculate the remainder when 2807159 is divided by 9204.
9143
Calculate the remainder when 197612 is divided by 98715.
182
What is the remainder when 1068149 is divided by 898?
427
Calculate the remainder when 11934544 is divided by 2983636.
0
Calculate the remainder when 145699 is divided by 19920.
6259
What is the remainder when 441770 is divided by 21033?
77
What is the remainder when 11095194 is divided by 177?
126
Calculate the remainder when 135149 is divided by 62.
51
What is the remainder when 90399626 is divided by 7295?
7281
Calculate the remainder when 1252196 is divided by 3900.
296
Calculate the remainder when 43936120 is divided by 30.
10
Calculate the remainder when 4070269 is divided by 10572.
49
Calculate the remainder when 92106 is divided by 3094.
2380
Calculate the remainder when 102684 is divided by 165.
54
What is the remainder when 124785395 is divided by 2151472?
19
Calculate the remainder when 5510012 is divided by 849.
2
Calculate the remainder when 5713858 is divided by 68022.
10
Calculate the remainder when 709672 is divided by 354834.
4
Calculate the remainder when 919953 is divided by 83632.
1
What is the remainder when 90934699 is divided by 10?
9
What is the remainder when 739761 is divided by 7580?
4501
What is the remainder when 1709653 is divided by 16760?
133
What is the remainder when 1003353 is divided by 216?
33
What is the remainder when 1108577 is divided by 1743?
29
What is the remainder when 1192142 is divided by 2817?
551
What is the remainder when 15710056 is divided by 982?
20
Calculate the remainder when 30438 is divided by 1075.
338
Calculate the remainder when 8463 is divided by 122.
45
Calculate the remainder when 1499233 is divided by 173.
15
Calculate the remainder when 5649 is divided by 660.
369
What is the remainder when 800533 is divided by 49?
20
Calculate the remainder when 10518967 is divided by 114.
73
Calculate the remainder when 60474018 is divided by 13685.
3
Calculate the remainder when 82761 is divided by 82483.
278
What is the remainder when 398220654 is divided by 18?
12
Calculate the remainder when 76591 is divided by 452.
203
Calculate the remainder when 6435975 is divided by 919425.
0
Calculate the remainder when 616246 is divided by 616192.
54
What is the remainder when 7206793 is divided by 900849?
1
What is the remainder when 3244349 is divided by 30607?
7
Calculate the remainder when 16753680 is divided by 4188419.
4
Calculate the remainder when 5120558 is divided by 469.
16
Calculate the remainder when 16031342 is divided by 4007833.
10
What is the remainder when 65599 is divided by 65451?
148
What is the remainder when 1429535 is divided by 178686?
47
What is the remainder when 17773817 is divided by 2815?
2722
Calculate the remainder when 737992 is divided by 720.
712
What is the remainder when 10314522 is divided by 124?
78
Calculate the remainder when 121393 is divided by 60680.
33
What is the remainder when 5193958 is divided by 368?
6
Calculate the remainder when 814602 is divided by 8228.
30
Calculate the remainder when 1057920 is divided by 528960.
0
Calculate the remainder when 27819050 is divided by 529.
527
What is the remainder when 39292 is divided by 295?
57
Calculate the remainder when 804332 is divided by 525.
32
Calculate the remainder when 379155110 is divided by 151.
150
Calculate the remainder when 194835830 is divided by 2292186.
20
What is the remainder when 656040 is divided by 16390?
440
Calculate the remainder when 701584 is divided by 140314.
14
What is the remainder when 2177990 is divided by 136123?
22
What is the remainder when 80457177 is divided by 15?
12
Calculate the remainder when 104565 is divided by 1067.
1066
Calculate the remainder when 1449948 is divided by 129.
117
What is the remainder when 946214108 is divided by 8114?
8112
Calculate the remainder when 736304 is divided by 5986.
26
What is the remainder when 3962093 is divided by 243?
221
Calculate the remainder when 1925985 is divided by 240702.
369
What is the remainder when 2469 is divided by 2297?
172
Calculate the remainder when 4254348 is divided by 383.
367
What is the remainder when 738105 is divided by 4617?
4002
What is the remainder when 1313477 is divided by 218860?
317
What is the remainder when 603182 is divided by 33508?
38
Calculate the remainder when 8564518 is divided by 1437.
1435
Calculate the remainder when 18835301 is divided by 1273.
1266
What is the remainder when 154546 is divided by 1555?
601
What is the remainder when 32921 is divided by 6288?
1481
What is the remainder when 9805322 is divided by 15?
2
Calculate the remainder when 115624 is divided by 6638.
2778
What is the remainder when 1331681 is divided by 443876?
53
What is the remainder when 58571 is divided by 19521?
8
Calculate the remainder when 570672 is divided by 37.
21
Calculate the remainder when 303046 is divided by 248.
238
Calculate the remainder when 33593504 is divided by 219.
218
What is the remainder when 329258597 is divided by 275?
272
What is the remainder when 130409 is divided by 302?
247
What is the remainder when 14705 is divided by 14657?
48
What is the remainder when 229002927 is divided by 8198?
8193
What is the remainder when 207860 is divided by 69103?
551
What is the remainder when 351243 is divided by 160?
43
What is the remainder when 373827 is divided by 124280?
987
Calculate the remainder when 39996 is divided by 2226.
2154
What is the remainder when 5409069 is divided by 68?
9
Calculate the remainder when 433661 is divided by 416.
189
What is the remainder when 48369 is divided by 189?
174
What is the remainder when 25653723 is divided by 1487?
1486
What is the remainder when 44763140 is divided by 322?
310
Calculate the remainder when 4300096 is divided by 18.
4
What is the remainder when 179547 is divided by 11201?
331
What is the remainder when 1425296817 is divided by 22?
21
What is the remainder when 155208107 is divided by 132?
131
What is the remainder when 746965619 is divided by 6?
5
What is the remainder when 26158049 is divided by 5122?
5117
What is the remainder when 1901323 is divided by 633762?
37
Calculate the remainder when 1963582 is divided by 4642.
16
What is the remainder when 1072345 is divided by 357145?
910
What is the remainder when 1238665 is divided by 3885?
3235
What is the remainder when 42681 is divided by 13826?
1203
What is the remainder when 140443003 is divided by 15604777?
10
Calculate the remainder when 1076677 is divided by 2281.
45
What is the remainder when 18543 is divided by 928?
911
Calculate the remainder when 115056 is divided by 3967.
13
Calculate the remainder when 8502242 is divided by 3877.
3858
What is the remainder when 180739 is divided by 4545?
3484
What is the remainder when 8909706 is divided by 30305?
36
What is the remainder when 19089566 is divided by 113?
24
Calculate the remainder when 91132882 is divided by 4425.
7
Calculate the remainder when 35358895 is divided by 1113.
1111
What is the remainder when 194609 is divided by 1636?
1561
What is the remainder when 3518296 is divided by 147?
145
What is the remainder when 1298178 is divided by 6619?
854
Calculate the remainder when 175244 is divided by 4381.
4
Calculate the remainder when 358